51?
5
What is the tens digit of 24229395?
9
What is the thousands digit of 121802?
1
What is the hundred thousands digit of 34969359?
9
What is the thousands digit of 12488?
2
What is the hundreds digit of 1813177?
1
What is the units digit of 4682229?
9
What is the tens digit of 1286556?
5
What is the ten thousands digit of 1403922?
0
What is the ten thousands digit of 371966?
7
What is the tens digit of 305114?
1
What is the tens digit of 1207994?
9
What is the tens digit of 28914?
1
What is the hundreds digit of 27284?
2
What is the hundreds digit of 351372?
3
What is the units digit of 63830?
0
What is the tens digit of 31752?
5
What is the tens digit of 4048960?
6
What is the thousands digit of 131999?
1
What is the thousands digit of 87777?
7
What is the hundred thousands digit of 3880298?
8
What is the tens digit of 201808?
0
What is the units digit of 2636492?
2
What is the thousands digit of 5481302?
1
What is the units digit of 6234932?
2
What is the ten thousands digit of 692655?
9
What is the tens digit of 100711?
1
What is the tens digit of 1342817?
1
What is the thousands digit of 1779757?
9
What is the tens digit of 527428?
2
What is the thousands digit of 1390039?
0
What is the thousands digit of 13133534?
3
What is the millions digit of 10727012?
0
What is the tens digit of 984645?
4
What is the tens digit of 493429?
2
What is the ten thousands digit of 16368140?
6
What is the tens digit of 2361527?
2
What is the units digit of 488889?
9
What is the hundreds digit of 5109243?
2
What is the hundred thousands digit of 312307?
3
What is the hundreds digit of 341529?
5
What is the ten thousands digit of 1877024?
7
What is the ten thousands digit of 4566487?
6
What is the hundreds digit of 206635?
6
What is the hundred thousands digit of 379754?
3
What is the hundreds digit of 8777009?
0
What is the units digit of 10882431?
1
What is the units digit of 235914?
4
What is the tens digit of 2326781?
8
What is the hundreds digit of 238096?
0
What is the units digit of 2112773?
3
What is the hundred thousands digit of 10322628?
3
What is the hundred thousands digit of 709328?
7
What is the units digit of 3785572?
2
What is the hundreds digit of 595903?
9
What is the hundreds digit of 1191110?
1
What is the ten thousands digit of 1914782?
1
What is the tens digit of 27640430?
3
What is the thousands digit of 4936321?
6
What is the ten thousands digit of 1882793?
8
What is the hundred thousands digit of 20911868?
9
What is the millions digit of 10653194?
0
What is the ten thousands digit of 108763?
0
What is the millions digit of 8514559?
8
What is the thousands digit of 423811?
3
What is the thousands digit of 772709?
2
What is the thousands digit of 322383?
2
What is the ten millions digit of 10590180?
1
What is the ten thousands digit of 19009461?
0
What is the units digit of 564180?
0
What is the tens digit of 228492?
9
What is the hundred thousands digit of 314732?
3
What is the tens digit of 1628011?
1
What is the units digit of 11714868?
8
What is the thousands digit of 317173?
7
What is the hundreds digit of 834504?
5
What is the hundred thousands digit of 5617892?
6
What is the millions digit of 15067656?
5
What is the thousands digit of 588287?
8
What is the hundred thousands digit of 163299?
1
What is the thousands digit of 12995537?
5
What is the tens digit of 583457?
5
What is the tens digit of 2569305?
0
What is the thousands digit of 6690068?
0
What is the hundreds digit of 578995?
9
What is the hundred thousands digit of 1271979?
2
What is the units digit of 550680?
0
What is the thousands digit of 577947?
7
What is the units digit of 40075?
5
What is the tens digit of 11061624?
2
What is the thousands digit of 6716954?
6
What is the hundreds digit of 740506?
5
What is the tens digit of 106109?
0
What is the ten thousands digit of 2650927?
5
What is the hundreds digit of 898133?
1
What is the ten thousands digit of 114695?
1
What is the ten thousands digit of 137555?
3
What is the thousands digit of 11999216?
9
What is the tens digit of 323493?
9
What is the thousands digit of 432257?
2
What is the hundreds digit of 212577?
5
What is the ten thousands digit of 15685?
1
What is the ten thousands digit of 29745898?
4
What is the tens digit of 852747?
4
What is the hundred thousands digit of 459447?
4
What is the units digit of 1725396?
6
What is the millions digit of 4949773?
4
What is the hundreds digit of 518476?
4
What is the tens digit of 26170?
7
What is the tens digit of 19947?
4
What is the hundreds digit of 296568?
5
What is the thousands digit of 1177172?
7
What is the units digit of 75967?
7
What is the thousands digit of 22640866?
0
What is the hundreds digit of 130154?
1
What is the hundred thousands digit of 14786366?
7
What is the millions digit of 22200182?
2
What is the ten thousands digit of 26085?
2
What is the thousands digit of 186825?
6
What is the hundred thousands digit of 492751?
4
What is the hundreds digit of 11118025?
0
What is the hundred thousands digit of 2226901?
2
What is the tens digit of 4045448?
4
What is the units digit of 84865?
5
What is the thousands digit of 60523?
0
What is the ten millions digit of 19343642?
1
What is the millions digit of 1815556?
1
What is the ten thousands digit of 103916?
0
What is the tens digit of 122838?
3
What is the units digit of 5015299?
9
What is the thousands digit of 289271?
9
What is the tens digit of 31043895?
9
What is the hundreds digit of 246807?
8
What is the hundred thousands digit of 624930?
6
What is the hundreds digit of 2095945?
9
What is the millions digit of 1060285?
1
What is the tens digit of 4171683?
8
What is the thousands digit of 11544?
1
What is the units digit of 5031683?
3
What is the tens digit of 431380?
8
What is the units digit of 704673?
3
What is the hundreds digit of 7701826?
8
What is the thousands digit of 593672?
3
What is the ten thousands digit of 61913?
6
What is the ten thousands digit of 5468126?
6
What is the units digit of 1679486?
6
What is the hundreds digit of 1059282?
2
What is the tens digit of 1225640?
4
What is the thousands digit of 442887?
2
What is the millions digit of 3628751?
3
What is the tens digit of 2581266?
6
What is the units digit of 199837?
7
What is the units digit of 1011534?
4
What is the hundreds digit of 639707?
7
What is the tens digit of 1288217?
1
What is the millions digit of 7333799?
7
What is the units digit of 61490?
0
What is the hundreds digit of 192282?
2
What is the tens digit of 530077?
7
What is the ten thousands digit of 12917698?
1
What is the thousands digit of 849607?
9
What is the hundreds digit of 199224?
2
What is the hundreds digit of 157293?
2
What is the tens digit of 810529?
2
What is the hundred thousands digit of 3386741?
3
What is the tens digit of 1314175?
7
What is the hundred thousands digit of 130903?
1
What is the hundred thousands digit of 3205917?
2
What is the units digit of 277275?
5
What is the ten thousands digit of 2098378?
9
What is the hundreds digit of 50914?
9
What is the ten thousands digit of 951412?
5
What is the tens digit of 78809?
0
What is the thousands digit of 246877?
6
What is the tens digit of 62096?
9
What is the hundreds digit of 132246?
2
What is the ten thousands digit of 3686868?
8
What is the tens digit of 328195?
9
What is the units digit of 5926271?
1
What is the units digit of 286263?
3
What is the thousands digit of 347426?
7
What is the hundred thousands digit of 1718387?
7
What is the thousands digit of 25319506?
9
What is the tens digit of 14954?
5
What is the hundreds digit of 6702?
7
What is the millions digit of 8017336?
8
What is the thousands digit of 160548?
0
What is the tens digit of 339906?
0
What is the thousands digit of 4822530?
2
What is the millions digit of 3296761?
3
What is the units digit of 405950?
0
What is the hundred thousands digit of 9983965?
9
What is the units digit of 4459577?
7
What is the tens digit of 4307048?
4
What is the hundreds digit of 486387?
3
What is the tens digit of 330066?
6
What is the units digit of 49565?
5
What is the hundred thousands digit of 623363?
6
What is the ten thousands digit of 827782?
2
What is the thousands digit of 2171171?
1
What is the thousands digit of 101